{"id":3268,"date":"2018-06-11T14:11:53","date_gmt":"2018-06-11T14:11:53","guid":{"rendered":"http:\/\/www.gaspard.be\/www\/?page_id=3268"},"modified":"2019-10-29T12:29:54","modified_gmt":"2019-10-29T12:29:54","slug":"contactez-nous","status":"publish","type":"page","link":"https:\/\/www.gaspard.be\/www\/language\/fr\/contactez-nous\/","title":{"rendered":"Contactez-nous"},"content":{"rendered":"\n<p>Attention, en cliquant sur le bouton <strong>Envoyer<\/strong> apr\u00e8s avoir rempli cette demande d&#8217;offre, vous consentez \u00e0 ce que les informations collect\u00e9es soient utilis\u00e9es dans le cadre de la r\u00e9alisation d&#8217;un devis et d&#8217;une prise de contact avec vous pour vous donner suite \u00e0 votre demande.<\/p>\n\n\n<p><iframe loading=\"lazy\" src=\"https:\/\/docs.google.com\/forms\/d\/e\/1FAIpQLSeEEMGfL7RZdRklRJCVMqRw73cwvuOvd7s-pzCPxVDblE_TmQ\/viewform?embedded=true\" width=\"100%\" height=\"2600px\" frameborder=\"0\" marginwidth=\"0\" marginheight=\"0\"><span data-mce-type=\"bookmark\" style=\"display: inline-block; width: 0px; overflow: hidden; line-height: 0;\" class=\"mce_SELRES_start\">\ufeff<\/span><span data-mce-type=\"bookmark\" style=\"display: inline-block; width: 0px; overflow: hidden; line-height: 0;\" class=\"mce_SELRES_start\">\ufeff<\/span>Chargement en cours&#8230;<\/iframe><\/p>","protected":false},"excerpt":{"rendered":"<p>Attention, en cliquant sur le bouton Envoyer apr\u00e8s avoir rempli cette demande d&#8217;offre, vous consentez \u00e0 ce que les informations collect\u00e9es soient utilis\u00e9es dans le cadre de la r\u00e9alisation d&#8217;un devis et d&#8217;une prise de contact avec vous pour vous &hellip; <a href=\"https:\/\/www.gaspard.be\/www\/language\/fr\/contactez-nous\/\">Continuer<\/a><\/p>\n","protected":false},"author":9,"featured_media":0,"parent":0,"menu_order":0,"comment_status":"closed","ping_status":"closed","template":"","meta":[],"yoast_head":"<!-- This site is optimized with the Yoast SEO plugin v20.5 - https:\/\/yoast.com\/wordpress\/plugins\/seo\/ -->\n<title>J.Gaspard Menuiserie Aluminium<\/title>\n<meta name=\"robots\" content=\"index, follow, max-snippet:-1, max-image-preview:large, max-video-preview:-1\" \/>\n<link rel=\"canonical\" href=\"https:\/\/www.gaspard.be\/www\/language\/fr\/contactez-nous\/\" \/>\n<meta property=\"og:locale\" content=\"en_US\" \/>\n<meta property=\"og:type\" content=\"article\" \/>\n<meta property=\"og:title\" content=\"J.Gaspard Menuiserie Aluminium\" \/>\n<meta property=\"og:description\" content=\"Attention, en cliquant sur le bouton Envoyer apr\u00e8s avoir rempli cette demande d&#8217;offre, vous consentez \u00e0 ce que les informations collect\u00e9es soient utilis\u00e9es dans le cadre de la r\u00e9alisation d&#8217;un devis et d&#8217;une prise de contact avec vous pour vous &hellip; Continuer\" \/>\n<meta property=\"og:url\" content=\"https:\/\/www.gaspard.be\/www\/language\/fr\/contactez-nous\/\" \/>\n<meta property=\"og:site_name\" content=\"J.Gaspard\" \/>\n<meta property=\"article:modified_time\" content=\"2019-10-29T12:29:54+00:00\" \/>\n<meta name=\"twitter:card\" content=\"summary_large_image\" \/>\n<script type=\"application\/ld+json\" class=\"yoast-schema-graph\">{\"@context\":\"https:\/\/schema.org\",\"@graph\":[{\"@type\":\"WebPage\",\"@id\":\"https:\/\/www.gaspard.be\/www\/language\/fr\/contactez-nous\/\",\"url\":\"https:\/\/www.gaspard.be\/www\/language\/fr\/contactez-nous\/\",\"name\":\"J.Gaspard Menuiserie Aluminium\",\"isPartOf\":{\"@id\":\"https:\/\/www.gaspard.be\/www\/#website\"},\"datePublished\":\"2018-06-11T14:11:53+00:00\",\"dateModified\":\"2019-10-29T12:29:54+00:00\",\"breadcrumb\":{\"@id\":\"https:\/\/www.gaspard.be\/www\/language\/fr\/contactez-nous\/#breadcrumb\"},\"inLanguage\":\"en-US\",\"potentialAction\":[{\"@type\":\"ReadAction\",\"target\":[\"https:\/\/www.gaspard.be\/www\/language\/fr\/contactez-nous\/\"]}]},{\"@type\":\"BreadcrumbList\",\"@id\":\"https:\/\/www.gaspard.be\/www\/language\/fr\/contactez-nous\/#breadcrumb\",\"itemListElement\":[{\"@type\":\"ListItem\",\"position\":1,\"name\":\"Home\",\"item\":\"https:\/\/www.gaspard.be\/www\/language\/fr\/home\/\"},{\"@type\":\"ListItem\",\"position\":2,\"name\":\"Contactez-nous\"}]},{\"@type\":\"WebSite\",\"@id\":\"https:\/\/www.gaspard.be\/www\/#website\",\"url\":\"https:\/\/www.gaspard.be\/www\/\",\"name\":\"J.Gaspard\",\"description\":\"Ch\u00e2ssis Aluminium, Portes, Stores,....\",\"potentialAction\":[{\"@type\":\"SearchAction\",\"target\":{\"@type\":\"EntryPoint\",\"urlTemplate\":\"https:\/\/www.gaspard.be\/www\/?s={search_term_string}\"},\"query-input\":\"required name=search_term_string\"}],\"inLanguage\":\"en-US\"}]}<\/script>\n<!-- \/ Yoast SEO plugin. -->","yoast_head_json":{"title":"J.Gaspard Menuiserie Aluminium","robots":{"index":"index","follow":"follow","max-snippet":"max-snippet:-1","max-image-preview":"max-image-preview:large","max-video-preview":"max-video-preview:-1"},"canonical":"https:\/\/www.gaspard.be\/www\/language\/fr\/contactez-nous\/","og_locale":"en_US","og_type":"article","og_title":"J.Gaspard Menuiserie Aluminium","og_description":"Attention, en cliquant sur le bouton Envoyer apr\u00e8s avoir rempli cette demande d&#8217;offre, vous consentez \u00e0 ce que les informations collect\u00e9es soient utilis\u00e9es dans le cadre de la r\u00e9alisation d&#8217;un devis et d&#8217;une prise de contact avec vous pour vous &hellip; Continuer","og_url":"https:\/\/www.gaspard.be\/www\/language\/fr\/contactez-nous\/","og_site_name":"J.Gaspard","article_modified_time":"2019-10-29T12:29:54+00:00","twitter_card":"summary_large_image","schema":{"@context":"https:\/\/schema.org","@graph":[{"@type":"WebPage","@id":"https:\/\/www.gaspard.be\/www\/language\/fr\/contactez-nous\/","url":"https:\/\/www.gaspard.be\/www\/language\/fr\/contactez-nous\/","name":"J.Gaspard Menuiserie Aluminium","isPartOf":{"@id":"https:\/\/www.gaspard.be\/www\/#website"},"datePublished":"2018-06-11T14:11:53+00:00","dateModified":"2019-10-29T12:29:54+00:00","breadcrumb":{"@id":"https:\/\/www.gaspard.be\/www\/language\/fr\/contactez-nous\/#breadcrumb"},"inLanguage":"en-US","potentialAction":[{"@type":"ReadAction","target":["https:\/\/www.gaspard.be\/www\/language\/fr\/contactez-nous\/"]}]},{"@type":"BreadcrumbList","@id":"https:\/\/www.gaspard.be\/www\/language\/fr\/contactez-nous\/#breadcrumb","itemListElement":[{"@type":"ListItem","position":1,"name":"Home","item":"https:\/\/www.gaspard.be\/www\/language\/fr\/home\/"},{"@type":"ListItem","position":2,"name":"Contactez-nous"}]},{"@type":"WebSite","@id":"https:\/\/www.gaspard.be\/www\/#website","url":"https:\/\/www.gaspard.be\/www\/","name":"J.Gaspard","description":"Ch\u00e2ssis Aluminium, Portes, Stores,....","potentialAction":[{"@type":"SearchAction","target":{"@type":"EntryPoint","urlTemplate":"https:\/\/www.gaspard.be\/www\/?s={search_term_string}"},"query-input":"required name=search_term_string"}],"inLanguage":"en-US"}]}},"_links":{"self":[{"href":"https:\/\/www.gaspard.be\/www\/wp-json\/wp\/v2\/pages\/3268"}],"collection":[{"href":"https:\/\/www.gaspard.be\/www\/wp-json\/wp\/v2\/pages"}],"about":[{"href":"https:\/\/www.gaspard.be\/www\/wp-json\/wp\/v2\/types\/page"}],"author":[{"embeddable":true,"href":"https:\/\/www.gaspard.be\/www\/wp-json\/wp\/v2\/users\/9"}],"replies":[{"embeddable":true,"href":"https:\/\/www.gaspard.be\/www\/wp-json\/wp\/v2\/comments?post=3268"}],"version-history":[{"count":16,"href":"https:\/\/www.gaspard.be\/www\/wp-json\/wp\/v2\/pages\/3268\/revisions"}],"predecessor-version":[{"id":3358,"href":"https:\/\/www.gaspard.be\/www\/wp-json\/wp\/v2\/pages\/3268\/revisions\/3358"}],"wp:attachment":[{"href":"https:\/\/www.gaspard.be\/www\/wp-json\/wp\/v2\/media?parent=3268"}],"curies":[{"name":"wp","href":"https:\/\/api.w.org\/{rel}","templated":true}]}}