{"id":1653,"date":"2015-12-19T14:37:37","date_gmt":"2015-12-19T14:37:37","guid":{"rendered":"http:\/\/www.gaspard.be\/www\/?page_id=1653"},"modified":"2016-02-08T17:42:05","modified_gmt":"2016-02-08T17:42:05","slug":"a-propos-de","status":"publish","type":"page","link":"https:\/\/www.gaspard.be\/www\/language\/de\/a-propos-de\/","title":{"rendered":"A propos DE"},"content":{"rendered":"<div id=\"pl-1653\"  class=\"panel-layout\" ><div id=\"pg-1653-0\"  class=\"panel-grid panel-no-style\" ><div id=\"pgc-1653-0-0\"  class=\"panel-grid-cell\" ><div id=\"panel-1653-0-0-0\" class=\"so-panel widget widget_black-studio-tinymce widget_black_studio_tinymce panel-first-child panel-last-child\" data-index=\"0\" ><div class=\"textwidget\">\n<div class=\"panel-group\" id=\"accordionname302\"><div class=\"panel panel-default\"><div class=\"panel-heading\"><a class=\"accordion-toggle \" data-toggle=\"collapse\" data-parent=\"#accordionname302\" href=\"#collapse3020\"><h5><i class=\"kt-icon-minus primary-color\"><\/i><i class=\"kt-icon-plus\"><\/i>Familienunternehmen<\/h5><\/a><\/div><div id=\"collapse3020\" class=\"panel-collapse collapse in\"><div class=\"panel-body postclass\"><p><span class=\"hps\">Gegr\u00fcndet<\/span> <span class=\"hps\">im Jahr 1989 von<\/span> <span class=\"hps\">Herrn Jacques<\/span> <span class=\"hps\">Gaspard<\/span> <span class=\"hps\">ist<\/span> <span class=\"hps\">J.Gaspard<\/span> <span class=\"hps\">sprl<\/span> <span class=\"hps\">ein Familienunternehmen<\/span>.<br \/><br \/><span class=\"hps\">Zun\u00e4chst<\/span> <span class=\"hps\">allgemeine Schreinerarbeiten <\/span>, spezialisieren wir uns <span class=\"hps\">in der Zeit<\/span> <span class=\"hps\">in<\/span> <span class=\"hps\">der Schreinerei<\/span> <span class=\"hps\">des Geb\u00e4udes.<\/span> <span class=\"hps\">Es ist<\/span>, mit anderen, <span class=\"hps\">mit der Beteiligung von<\/span> <span class=\"hps\">seinem Sohn<\/span> <span class=\"hps\">Jerome<\/span>, <span class=\"hps\">nahm<\/span> <span class=\"hps\">das Familienunternehmen<\/span> <span class=\"hps\">die<\/span> <span class=\"hps\">Verwaltung spezifischer<\/span> <span class=\"hps\">Aluminium<\/span> <span class=\"hps\">Tischlerei<\/span> <span class=\"hps\">Markt<\/span> <span class=\"hps\">\u00fcber<\/span>.<br \/><br \/><span class=\"hps\">Die Leidenschaft<\/span> <span class=\"hps\">f\u00fcr Innovation und Fortschritt<\/span> <span class=\"hps\">ist ein Vektor,<\/span> <span class=\"hps\">der Gr\u00fcnder<\/span> <span class=\"hps\">immer<\/span> <span class=\"hps\">begleitet hat.<\/span><\/p><\/div><\/div><\/div>\n<div class=\"panel panel-default\"><div class=\"panel-heading\"><a class=\"accordion-toggle collapsed\" data-toggle=\"collapse\" data-parent=\"#accordionname302\" href=\"#collapse3021\"><h5><i class=\"kt-icon-minus primary-color\"><\/i><i class=\"kt-icon-plus\"><\/i>Unsere Kunden, unsere beste Werbung<\/h5><\/a><\/div><div id=\"collapse3021\" class=\"panel-collapse collapse \"><div class=\"panel-body postclass\"><p><span class=\"hps\">Wir reagieren auf<\/span> <span class=\"hps\">private und \u00f6ffentliche<\/span> <span class=\"hps\">Projekte<\/span>.<br \/><br \/><span class=\"hps\">Der gemeinsame Nenner<\/span> <span class=\"hps\">der beiden<\/span> <span class=\"hps\">ist<\/span> <span class=\"hps\">die Forderung<\/span> <span class=\"hps\">unserer Kunden.<\/span> <span class=\"hps\">Unser<\/span> <span class=\"hps\">Wirkungsbereich <\/span> <span class=\"hps\">ist<\/span> <span class=\"hps\">vor allem auf die<\/span> <span class=\"hps\">Provinz L\u00fcttich<\/span> <span class=\"hps\">zentriert<\/span>. <span class=\"hps\">Mehr<\/span> <span class=\"hps\">p\u00fcnktlich<\/span>, kann unser <span class=\"hps\">Wissen<\/span> <span class=\"hps\">uns<\/span> <span class=\"hps\">weiter gehen<\/span>, <span class=\"hps\">auch grenz\u00fcberschreitend <\/span>.<\/p><\/div><\/div><\/div>\n<div class=\"panel panel-default\"><div class=\"panel-heading\"><a class=\"accordion-toggle collapsed\" data-toggle=\"collapse\" data-parent=\"#accordionname302\" href=\"#collapse3022\"><h5><i class=\"kt-icon-minus primary-color\"><\/i><i class=\"kt-icon-plus\"><\/i>Hochwertige Produkte in unseren Werkst\u00e4tten<\/h5><\/a><\/div><div id=\"collapse3022\" class=\"panel-collapse collapse \"><div class=\"panel-body postclass\"><p><span class=\"hps\">Im Jahr 2002<\/span>, <span class=\"hps\">mit dem<\/span> <span class=\"hps\">Wunsch, das<\/span> <span class=\"hps\">Beste f\u00fcr unsere<\/span> <span class=\"hps\">Kunden<\/span> <span class=\"hps\">zu<\/span> <span class=\"hps\">bieten<\/span>, <span class=\"hps\">haben wir<\/span> <span class=\"hps atn\">Sch\u00fcco Premium-<\/span>Partner <span class=\"hps\">geworden<\/span>. <span class=\"hps\">In j\u00fcngster Zeit haben<\/span> <span class=\"hps\">wir<\/span> <span class=\"hps\">Stahl<\/span> <span class=\"hps\">Tischlerei<\/span> <span class=\"hps\">Hersteller von Marken<\/span> <span class=\"hps\">Jansen<\/span> <span class=\"hps\">geworden<\/span>. <span class=\"hps\">Um die Nachfrage<\/span> <span class=\"hps\">von<\/span> <span class=\"hps\">minimalistisch <\/span> <span class=\"hps\">treffen<\/span> <span class=\"hps\">Schiebe<\/span>, <span class=\"hps\">wandten wir uns<\/span> <span class=\"hps\">auch f\u00fcr die<\/span> <span class=\"hps\">Schweizer Marke<\/span> <span class=\"hps\">Vitrocsa<\/span>. <span class=\"hps\">Neben der<\/span> <span class=\"hps\">Garantie f\u00fcr<\/span> <span class=\"hps\">ein gutes Produkt<\/span>, ist es <span class=\"hps\">auch<\/span> <span class=\"hps\">eine ganze<\/span> <span class=\"hps\">Design-B\u00fcro<\/span>, dass Ihr Projekt <span class=\"hps\">dient<\/span>.<br \/><br \/><span class=\"hps\">Wir<\/span> <span class=\"hps\">z\u00e4hlen zu<\/span> <span class=\"hps\">unserem Team von<\/span> <span class=\"hps\">Designern und Architekten<\/span> <span class=\"hps\">in unserem Bereich<\/span> <span class=\"hps\">spezialisiert hat.<\/span><br \/><br \/><span class=\"hps\">Unser Team ist<\/span> <span class=\"hps\">pers\u00f6nlich<\/span> <span class=\"hps\">bei der Durchf\u00fchrung<\/span> <span class=\"hps\">der<\/span> <span class=\"hps\">Leistung<\/span> <span class=\"hps\">beteiligt<\/span>, <span class=\"hps\">und<\/span> <span class=\"hps\">in jedem Stadium<\/span> <span class=\"hps\">ihrer<\/span> <span class=\"hps\">Entstehung<\/span>.<br \/><br \/><span class=\"hps\">Auf jeden Fall,<\/span> <span class=\"hps\">das auch der<\/span> <span class=\"hps\">Geist<\/span> <span class=\"hps\">eines Familienunternehmens <\/span> <span class=\"hps\">wie der unsrigen<\/span>!<\/p><\/div><\/div><\/div>\n<div class=\"panel panel-default\"><div class=\"panel-heading\"><a class=\"accordion-toggle collapsed\" data-toggle=\"collapse\" data-parent=\"#accordionname302\" href=\"#collapse3023\"><h5><i class=\"kt-icon-minus primary-color\"><\/i><i class=\"kt-icon-plus\"><\/i>Zur Qualit\u00e4tslebensraum, umwelt<\/h5><\/a><\/div><div id=\"collapse3023\" class=\"panel-collapse collapse \"><div class=\"panel-body postclass\"><p><span class=\"hps\">Unser Unternehmen ist<\/span> <span class=\"hps\">fest auf<\/span> <span class=\"hps\">\u00d6kologie<\/span> <span class=\"hps\">ausgerichtet .<\/span> <span class=\"hps\">Wir bieten eine Reihe<\/span> <span class=\"hps\">von Produkten<\/span> <span class=\"hps\">im Einklang mit den<\/span> <span class=\"hps\">thermischen Anforderungen<\/span> <span class=\"hps\">Ihres Geb\u00e4udes.<\/span> <span class=\"hps\">Im Anschluss an<\/span> <span class=\"hps\">das Projekt<\/span> <span class=\"hps\">stellen wir sicher<\/span>, soweit <span class=\"hps\">m\u00f6glich<\/span>, <span class=\"hps\">die R\u00fcckgewinnung und<\/span> <span class=\"hps\">Wiederverwertung <\/span> <span class=\"hps\">der verschiedenen<\/span> <span class=\"hps\">erhaltenen Materialien<\/span>.<\/p><\/div><\/div><\/div><\/div>\n<\/div><\/div><\/div><\/div><div id=\"pg-1653-1\"  class=\"panel-grid panel-has-style\" ><div style=\"border-top: 1px solid; \" class=\"panel-row-style panel-row-style-for-1653-1\" ><div id=\"pgc-1653-1-0\"  class=\"panel-grid-cell\" ><div id=\"panel-1653-1-0-0\" class=\"so-panel widget widget_black-studio-tinymce widget_black_studio_tinymce panel-first-child panel-last-child\" data-index=\"1\" ><h3 class=\"widget-title\">Unsere Partners.<\/h3><div class=\"textwidget\"><\/div><\/div><\/div><\/div><\/div><div id=\"pg-1653-2\"  class=\"panel-grid panel-no-style\" ><div id=\"pgc-1653-2-0\"  class=\"panel-grid-cell\" ><div id=\"panel-1653-2-0-0\" class=\"so-panel widget widget_black-studio-tinymce widget_black_studio_tinymce panel-first-child panel-last-child\" data-index=\"2\" ><div class=\"textwidget\"><p><a href=\"http:\/\/www.schueco.com\/web2\/be-fr\" target=\"_blank\"><img class=\"wp-image-895 size-full aligncenter\" src=\"http:\/\/www.gaspard.be\/www\/wp-content\/uploads\/2015\/11\/image2.jpeg\" alt=\"image\" width=\"148\" height=\"60\" data-id=\"895\" \/><\/a>\u00a0<\/p>\n<\/div><\/div><\/div><div id=\"pgc-1653-2-1\"  class=\"panel-grid-cell\" ><div id=\"panel-1653-2-1-0\" class=\"so-panel widget widget_black-studio-tinymce widget_black_studio_tinymce panel-first-child panel-last-child\" data-index=\"3\" ><div class=\"textwidget\"><p><a href=\"http:\/\/www.vitrocsa.com\/\" target=\"_blank\"><img class=\"aligncenter wp-image-1275 size-thumbnail\" src=\"http:\/\/www.gaspard.be\/www\/wp-content\/uploads\/2015\/12\/Vitrocsa_logo-150x150.png\" alt=\"Vitrocsa_logo\" width=\"150\" height=\"150\" data-id=\"1275\" \/><\/a><\/p>\n<\/div><\/div><\/div><div id=\"pgc-1653-2-2\"  class=\"panel-grid-cell\" ><div id=\"panel-1653-2-2-0\" class=\"so-panel widget widget_black-studio-tinymce widget_black_studio_tinymce panel-first-child panel-last-child\" data-index=\"4\" ><div class=\"panel-widget-style panel-widget-style-for-1653-2-2-0\" ><div class=\"textwidget\"><p><a href=\"http:\/\/www.renson.be\/fr\/solutions-de-ventilation-et-de-protection-solaire-belgique.html\" target=\"_blank\"><img class=\"wp-image-975 size-full aligncenter\" src=\"http:\/\/www.gaspard.be\/www\/wp-content\/uploads\/2015\/12\/IMG_0038-0.jpg\" alt=\"IMG_0038-0.jpg\" width=\"153\" height=\"58\" data-id=\"975\" \/><\/a><\/p>\n<\/div><\/div><\/div><\/div><div id=\"pgc-1653-2-3\"  class=\"panel-grid-cell\" ><div id=\"panel-1653-2-3-0\" class=\"so-panel widget widget_black-studio-tinymce widget_black_studio_tinymce panel-first-child panel-last-child\" data-index=\"5\" ><div class=\"textwidget\"><p><a href=\"http:\/\/www.adeco.de\/fr\/adeco-de-fr\/\" target=\"_blank\"><img class=\"wp-image-897 size-full aligncenter\" src=\"http:\/\/www.gaspard.be\/www\/wp-content\/uploads\/2015\/11\/image4.jpeg\" alt=\"image\" width=\"147\" height=\"59\" data-id=\"897\" \/><\/a><\/p>\n<\/div><\/div><\/div><div id=\"pgc-1653-2-4\"  class=\"panel-grid-cell\" ><div id=\"panel-1653-2-4-0\" class=\"so-panel widget widget_black-studio-tinymce widget_black_studio_tinymce panel-first-child panel-last-child\" data-index=\"6\" ><div class=\"textwidget\"><p><a href=\"http:\/\/www.glas-fandel.de\/\" target=\"_blank\"><img class=\"wp-image-896 size-full aligncenter\" src=\"http:\/\/www.gaspard.be\/www\/wp-content\/uploads\/2015\/11\/image3.jpeg\" alt=\"image\" width=\"138\" height=\"33\" data-id=\"896\" \/><\/a><\/p>\n<\/div><\/div><\/div><div id=\"pgc-1653-2-5\"  class=\"panel-grid-cell\" ><div id=\"panel-1653-2-5-0\" class=\"so-panel widget widget_black-studio-tinymce widget_black_studio_tinymce panel-first-child panel-last-child\" data-index=\"7\" ><div class=\"textwidget\"><p><a href=\"http:\/\/www.warema.com\/fr\/PARTICULIERS\/index.php\" target=\"_blank\"><img class=\"wp-image-899 size-full aligncenter\" src=\"http:\/\/www.gaspard.be\/www\/wp-content\/uploads\/2015\/11\/image6.jpeg\" alt=\"image\" width=\"153\" height=\"65\" data-id=\"899\" \/><\/a><\/p>\n<\/div><\/div><\/div><div id=\"pgc-1653-2-6\"  class=\"panel-grid-cell\" ><div id=\"panel-1653-2-6-0\" class=\"so-panel widget widget_black-studio-tinymce widget_black_studio_tinymce panel-first-child panel-last-child\" data-index=\"8\" ><div class=\"textwidget\"><p><a href=\"http:\/\/www.jansen.com\/en\/building-systems\/\" rel=\"attachment wp-att-2918\"><img class=\"wp-image-2918 aligncenter\" src=\"http:\/\/www.gaspard.be\/www\/wp-content\/uploads\/2015\/12\/LogoJansen-1-300x99.jpg\" alt=\"LogoJansen\" width=\"158\" height=\"52\" data-id=\"2918\" \/><\/a><\/p>\n<\/div><\/div><\/div><\/div><div id=\"pg-1653-3\"  class=\"panel-grid panel-has-style\" ><div style=\"border-top: 1px solid; \" class=\"panel-row-style panel-row-style-for-1653-3\" ><div id=\"pgc-1653-3-0\"  class=\"panel-grid-cell panel-grid-cell-empty\" ><\/div><\/div><\/div><\/div>","protected":false},"excerpt":{"rendered":"<p>FamilienunternehmenGegr\u00fcndet im Jahr 1989 von Herrn Jacques Gaspard ist J.Gaspard sprl ein Familienunternehmen.Zun\u00e4chst allgemeine Schreinerarbeiten , spezialisieren wir uns in der Zeit in der Schreinerei des Geb\u00e4udes. Es ist, mit anderen, mit der Beteiligung von seinem Sohn Jerome, nahm das &hellip; <a href=\"https:\/\/www.gaspard.be\/www\/language\/de\/a-propos-de\/\">Continuer<\/a><\/p>\n","protected":false},"author":1,"featured_media":0,"parent":0,"menu_order":0,"comment_status":"closed","ping_status":"closed","template":"template-staff-grid.php","meta":[],"yoast_head":"<!-- This site is optimized with the Yoast SEO plugin v20.5 - https:\/\/yoast.com\/wordpress\/plugins\/seo\/ -->\n<title>Wir \u00fcber Gaspard<\/title>\n<meta name=\"robots\" content=\"index, follow, max-snippet:-1, max-image-preview:large, max-video-preview:-1\" \/>\n<link rel=\"canonical\" href=\"https:\/\/www.gaspard.be\/www\/language\/de\/a-propos-de\/\" \/>\n<meta property=\"og:locale\" content=\"en_US\" \/>\n<meta property=\"og:type\" content=\"article\" \/>\n<meta property=\"og:title\" content=\"Wir \u00fcber Gaspard\" \/>\n<meta property=\"og:description\" content=\"FamilienunternehmenGegr\u00fcndet im Jahr 1989 von Herrn Jacques Gaspard ist J.Gaspard sprl ein Familienunternehmen.Zun\u00e4chst allgemeine Schreinerarbeiten , spezialisieren wir uns in der Zeit in der Schreinerei des Geb\u00e4udes. Es ist, mit anderen, mit der Beteiligung von seinem Sohn Jerome, nahm das &hellip; Continuer\" \/>\n<meta property=\"og:url\" content=\"https:\/\/www.gaspard.be\/www\/language\/de\/a-propos-de\/\" \/>\n<meta property=\"og:site_name\" content=\"J.Gaspard\" \/>\n<meta property=\"article:modified_time\" content=\"2016-02-08T17:42:05+00:00\" \/>\n<meta property=\"og:image\" content=\"http:\/\/www.gaspard.be\/www\/wp-content\/uploads\/2015\/11\/image2.jpeg\" \/>\n<meta name=\"twitter:card\" content=\"summary_large_image\" \/>\n<meta name=\"twitter:label1\" content=\"Est. reading time\" \/>\n\t<meta name=\"twitter:data1\" content=\"1 minute\" \/>\n<script type=\"application\/ld+json\" class=\"yoast-schema-graph\">{\"@context\":\"https:\/\/schema.org\",\"@graph\":[{\"@type\":\"WebPage\",\"@id\":\"https:\/\/www.gaspard.be\/www\/language\/de\/a-propos-de\/\",\"url\":\"https:\/\/www.gaspard.be\/www\/language\/de\/a-propos-de\/\",\"name\":\"Wir \u00fcber Gaspard\",\"isPartOf\":{\"@id\":\"https:\/\/www.gaspard.be\/www\/#website\"},\"datePublished\":\"2015-12-19T14:37:37+00:00\",\"dateModified\":\"2016-02-08T17:42:05+00:00\",\"breadcrumb\":{\"@id\":\"https:\/\/www.gaspard.be\/www\/language\/de\/a-propos-de\/#breadcrumb\"},\"inLanguage\":\"en-US\",\"potentialAction\":[{\"@type\":\"ReadAction\",\"target\":[\"https:\/\/www.gaspard.be\/www\/language\/de\/a-propos-de\/\"]}]},{\"@type\":\"BreadcrumbList\",\"@id\":\"https:\/\/www.gaspard.be\/www\/language\/de\/a-propos-de\/#breadcrumb\",\"itemListElement\":[{\"@type\":\"ListItem\",\"position\":1,\"name\":\"Home\",\"item\":\"https:\/\/www.gaspard.be\/www\/language\/fr\/home\/\"},{\"@type\":\"ListItem\",\"position\":2,\"name\":\"A propos DE\"}]},{\"@type\":\"WebSite\",\"@id\":\"https:\/\/www.gaspard.be\/www\/#website\",\"url\":\"https:\/\/www.gaspard.be\/www\/\",\"name\":\"J.Gaspard\",\"description\":\"Ch\u00e2ssis Aluminium, Portes, Stores,....\",\"potentialAction\":[{\"@type\":\"SearchAction\",\"target\":{\"@type\":\"EntryPoint\",\"urlTemplate\":\"https:\/\/www.gaspard.be\/www\/?s={search_term_string}\"},\"query-input\":\"required name=search_term_string\"}],\"inLanguage\":\"en-US\"}]}<\/script>\n<!-- \/ Yoast SEO plugin. -->","yoast_head_json":{"title":"Wir \u00fcber Gaspard","robots":{"index":"index","follow":"follow","max-snippet":"max-snippet:-1","max-image-preview":"max-image-preview:large","max-video-preview":"max-video-preview:-1"},"canonical":"https:\/\/www.gaspard.be\/www\/language\/de\/a-propos-de\/","og_locale":"en_US","og_type":"article","og_title":"Wir \u00fcber Gaspard","og_description":"FamilienunternehmenGegr\u00fcndet im Jahr 1989 von Herrn Jacques Gaspard ist J.Gaspard sprl ein Familienunternehmen.Zun\u00e4chst allgemeine Schreinerarbeiten , spezialisieren wir uns in der Zeit in der Schreinerei des Geb\u00e4udes. Es ist, mit anderen, mit der Beteiligung von seinem Sohn Jerome, nahm das &hellip; Continuer","og_url":"https:\/\/www.gaspard.be\/www\/language\/de\/a-propos-de\/","og_site_name":"J.Gaspard","article_modified_time":"2016-02-08T17:42:05+00:00","og_image":[{"url":"http:\/\/www.gaspard.be\/www\/wp-content\/uploads\/2015\/11\/image2.jpeg"}],"twitter_card":"summary_large_image","twitter_misc":{"Est. reading time":"1 minute"},"schema":{"@context":"https:\/\/schema.org","@graph":[{"@type":"WebPage","@id":"https:\/\/www.gaspard.be\/www\/language\/de\/a-propos-de\/","url":"https:\/\/www.gaspard.be\/www\/language\/de\/a-propos-de\/","name":"Wir \u00fcber Gaspard","isPartOf":{"@id":"https:\/\/www.gaspard.be\/www\/#website"},"datePublished":"2015-12-19T14:37:37+00:00","dateModified":"2016-02-08T17:42:05+00:00","breadcrumb":{"@id":"https:\/\/www.gaspard.be\/www\/language\/de\/a-propos-de\/#breadcrumb"},"inLanguage":"en-US","potentialAction":[{"@type":"ReadAction","target":["https:\/\/www.gaspard.be\/www\/language\/de\/a-propos-de\/"]}]},{"@type":"BreadcrumbList","@id":"https:\/\/www.gaspard.be\/www\/language\/de\/a-propos-de\/#breadcrumb","itemListElement":[{"@type":"ListItem","position":1,"name":"Home","item":"https:\/\/www.gaspard.be\/www\/language\/fr\/home\/"},{"@type":"ListItem","position":2,"name":"A propos DE"}]},{"@type":"WebSite","@id":"https:\/\/www.gaspard.be\/www\/#website","url":"https:\/\/www.gaspard.be\/www\/","name":"J.Gaspard","description":"Ch\u00e2ssis Aluminium, Portes, Stores,....","potentialAction":[{"@type":"SearchAction","target":{"@type":"EntryPoint","urlTemplate":"https:\/\/www.gaspard.be\/www\/?s={search_term_string}"},"query-input":"required name=search_term_string"}],"inLanguage":"en-US"}]}},"_links":{"self":[{"href":"https:\/\/www.gaspard.be\/www\/wp-json\/wp\/v2\/pages\/1653"}],"collection":[{"href":"https:\/\/www.gaspard.be\/www\/wp-json\/wp\/v2\/pages"}],"about":[{"href":"https:\/\/www.gaspard.be\/www\/wp-json\/wp\/v2\/types\/page"}],"author":[{"embeddable":true,"href":"https:\/\/www.gaspard.be\/www\/wp-json\/wp\/v2\/users\/1"}],"replies":[{"embeddable":true,"href":"https:\/\/www.gaspard.be\/www\/wp-json\/wp\/v2\/comments?post=1653"}],"version-history":[{"count":20,"href":"https:\/\/www.gaspard.be\/www\/wp-json\/wp\/v2\/pages\/1653\/revisions"}],"predecessor-version":[{"id":2938,"href":"https:\/\/www.gaspard.be\/www\/wp-json\/wp\/v2\/pages\/1653\/revisions\/2938"}],"wp:attachment":[{"href":"https:\/\/www.gaspard.be\/www\/wp-json\/wp\/v2\/media?parent=1653"}],"curies":[{"name":"wp","href":"https:\/\/api.w.org\/{rel}","templated":true}]}}